 -x**3 - 4*x**2 + 27*x + 108. Let a be c(-5). Let g(p) = 6 - 3 + 3*p + p. Determine g(a).
-5
Let j(c) = -10*c - 62 + 58 + c + 6*c. What is j(-3)?
5
Let d = 51 + -2. Let y(g) = 5 + 1 + g**2 + d*g - 42*g. Determine y(-7).
6
Let d(z) be the first derivative of z**4/4 - 2*z**3 - 7*z**2/2 - 3*z - 5. Suppose m = q - 3, 4 = 3*q + 5*m - 37. Calculate d(q).
-3
Let m(u) be the second derivative of -u**4/12 + u**3/6 + u**2/2 + 27*u. Calculate m(-1).
-1
Suppose 30*x = 188 - 38. Let n(p) = 3*p - 6. Determine n(x).
9
Let y(b) = b**2 - 3*b - 4. Suppose 6*x + 12 = -r + x, -4*x = -4*r. Let a(h) = -h**3 - 2*h**2 - h + 1. Let g be a(r). Calculate y(g).
-4
Suppose 5*k - 1 - 3 = -u, 5 = 2*k - 3*u. Let g(h) = 1080 + 1072 + 4*h + 3*h - 2*h - 2153. Give g(k).
4
Let f(a) = 3*a + 1. Let x(s) = -5*s - 3. Let c(u) = 4*f(u) + 3*x(u). Give c(6).
-23
Let k(y) be the third derivative of y**5/60 + y**4/4 + 2*y**3/3 - 3*y**2 + 3*y. Determine k(-6).
4
Let z(f) = -f**3 + 10*f**2 + f - 9. Let g be (8/28)/((-9)/(-315)). Give z(g).
1
Let v(t) be the second derivative of -t**5/20 + t**4/2 + 4*t**3/3 - 5*t**2/2 - 8*t. Let z(p) = p**2 + 20*p + 7. Let y be z(-20). Determine v(y).
2
Let s(k) be the second derivative of -k**5/60 + k**4/24 + 55*k**2/2 + 8*k. Let t(i) be the first derivative of s(i). What is t(0)?
0
Suppose -4*k + 2*b - 30 = 20, 64 = -5*k + 4*b. Let i(a) = a + 11. Calculate i(k).
-1
Let l(m) = m**3 + 7*m**2 + m + 2. Let w(x) = 144*x + 137. Let u be w(-1). Give l(u).
-5
Let c(u) = -u**2 + 6*u + 5. Let w be 8/12*66/4. Let t = -4 + w. What is c(t)?
-2
Let f(g) = -5*g + 3. Let b(r) = r + 1. Let q(t) = -4*b(t) - f(t). Suppose -6*d + 3*d = 5*x - 82, -3*x = 2*d - 53. Let i = 24 - d. Calculate q(i).
-2
Let m = 84 - 335/4. Let r(o) be the first derivative of 1/3*o**3 - m*o**4 + 1/2*o**2 + 0*o + 5. What is r(0)?
0
Let o(t) = -t**3 + 7*t**2 - 7*t + 9. Suppose 2*l - 15 = d + 9, 0 = -2*d + l - 33. Let w = 20 + d. Calculate o(w).
3
Let f(g) be the third derivative of g**8/6720 - g**7/504 + g**6/180 + g**5/24 - 3*g**4/4 + 3*g**2. Let n(a) be the second derivative of f(a). Calculate n(4).
5
Let a(b) = -11*b**2 + 3 - 4 - 2*b**2 + 16*b**2. Determine a(2).
11
Let y(s) = 3 - s**2 - 7*s**3 - s + 2*s**3 - 3*s**3 - 2. Calculate y(1).
-9
Let w(f) = 9 + 5*f - 4 - 5*f**3 - 6*f**2 + 3*f**3 + 3*f**3. Let n = 14 - -6. Suppose n = q - 3*c, q + 15 = -q - 5*c. Determine w(q).
5
Let l(q) = -q**2 + q - 2. Let d be l(0). Let w(h) = -13*h - 2. Let j(a) = 25*a + 4. Let x(r) = -6*j(r) - 11*w(r). What is x(d)?
12
Let w(d) be the first derivative of d**5/20 + 7*d**4/12 - 3*d**3/2 - d**2/2 - 42*d + 26. Let n(q) be the first derivative of w(q). Determine n(-8).
7
Let p(m) be the first derivative of -m**3/3 + 2*m**2 - 3*m + 714. Determine p(2).
1
Let b(l) be the second derivative of 1/4*l**4 + 0 + 5*l + 0*l**2 + 1/3*l**3 - 1/20*l**5. What is b(4)?
-8
Let j(y) be the second derivative of 0 - 4/3*y**3 - 29*y - 1/12*y**4 - 7/2*y**2. Determine j(-7).
0
Suppose -x = -3*j + 5, 3*x = 5*j + 2*x - 9. Let s(i) = 2*i + 0*i - 5*i + 4*i. Determine s(j).
2
Let y(p) = 8*p**3 - 5*p**2 + 5*p + 5. Let d(u) be the first derivative of 7*u**4/4 - 5*u**3/3 + 2*u**2 + 5*u + 33. Let r(i) = 7*d(i) - 6*y(i). Determine r(5).
-5
Let o(f) = -f**3 + 7*f**2 - 5*f. Let x = -9 - -9. Let d be 4/(x + 2)*3. Suppose -d*z = -2*z - 24. Calculate o(z).
6
Let n(u) be the second derivative of u**7/2520 - 7*u**5/120 + 7*u**4/12 + 15*u. Let l(j) be the third derivative of n(j). Give l(0).
-7
Let t(a) = 3 + 5*a**2 - 7*a**2 - 1 + a**2 - 3*a - 4. Let l = -6 - -3. Determine t(l).
-2
Let y(z) = -33*z - 18. Let c(b) = 14*b + 9. Let r(h) = -9*c(h) - 4*y(h). Determine r(4).
15
Let b be ((-3)/3 + -1)*1. Let a(v) = -16*v**2 + 10*v**3 - 14*v**2 + 29*v**2 - 11*v**3 - 3*v - 2. What is a(b)?
8
Let c = 47 + -16. Let j = c + -27. Let x(b) = b**3 - 3*b**2 - 3*b - 1. Calculate x(j).
3
Let v be (-1977)/(-9) - (-2)/(-3). Let i(r) = -4 + 0 + v*r - 216*r. Give i(3).
5
Suppose 4*u - 240 - 7116 = 0. Let h(y) = -2 + y**3 - u*y + 1839*y. What is h(-2)?
-10
Let i = 10 + -2. Let j(w) = -w**2 + 9*w - 11. Let t be j(i). Let k(f) = -f**2 - 3*f + 2. Determine k(t).
2
Let u(x) = -55 - 7*x**3 + 172 + 3*x + 5*x**3 + 2*x**2 - 60 - 59. Suppose 0 = -i + 6*i - 10. Calculate u(i).
-4
Suppose 3*l - 22 = -2*b - 6, b + 4*l = 18. Let s(o) = o - 2*o**2 + 2 + 2*o**3 + o - 3 - 3*o. Give s(b).
5
Suppose 0 = n + 2*n - 9. Let d(o) = -5*o**2 + 0*o + o + o**n + 4*o + 10*o**2. Determine d(-4).
-4
Let r(f) be the second derivative of f**3/6 - 4*f**2 - f. Suppose 9*d - 147 = 2*d. Let s = -12 + d. Determine r(s).
1
Let j(f) = f + f**2 - 23 - 11 + 2*f + 42. What is j(-7)?
36
Let i(t) be the second derivative of -t**5/60 - t**4/24 + t**3/6 - 23*t**2 - t - 10. Let z(j) be the first derivative of i(j). Give z(-3).
-5
Let v(w) = w**2 + 2*w + 11. Let h(b) = -b**2 - 23*b + 50. Let s be h(-25). What is v(s)?
11
Let c(r) = -r**2 - 11*r + 1. Let w(j) = -2*j**2 - 39*j - 17. Let a(o) = -3*c(o) + w(o). Determine a(8).
-4
Let p be (-15)/(-50)*5*-2. Let y(q) = -4*q - 14. Let m(r) = 2*r + 7. Let v(s) = p*y(s) - 5*m(s). Determine v(6).
19
Let u be (5/(-5) + 5)/(-1). Let m(p) = 6*p - 1. Determine m(u).
-25
Suppose 534*y = 509*y + 125. Let n(d) = 6*d - 28. Calculate n(y).
2
Let l(u) = -u**3 - u**2 - 1. Let b(f) = -5*f**2 + 7*f + 10. Let n(c) = -b(c) - l(c). Let i = -705 - -698. Determine n(i).
-9
Let j = 34 - 25. Suppose -j = 12*h - 9*h. Let n(q) be the second derivative of q**4/12 + q**3/2 - 3*q**2/2 - q. What is n(h)?
-3
Let h = 1 - 6. Let q(l) be the third derivative of -1/12*l**4 - 1/3*l**3 + 13*l**2 + 0*l + 0. What is q(h)?
8
Let s(p) = p**3 - 7*p**2 - p + 12. Let b be s(7). Suppose 3*r - 11 = -2*j + 11, 45 = 5*r + b*j. Let g(f) = f**2 - f - 1. Give g(r).
11
Let q(p) = p**3 + 5*p**2 - 7*p - 1. Suppose 33*w + 262 - 64 = 0. Determine q(w).
5
Let v = 5 - 3. Let u = 151 - 150. Let d(t) = -t + 1. Let k(s) = 5*s - 5. Let z(m) = u*k(m) + 4*d(m). Give z(v).
1
Let q(k) be the first derivative of -9 - 1/120*k**5 + 0*k**2 + 0*k - 5/3*k**3 - 7/24*k**4. Let h(b) be the third derivative of q(b). Give h(-6).
-1
Let j(t) be the third derivative of t**4/8 - t**3/3 + 13*t**2 - 2*t. Calculate j(-5).
-17
Let p(j) = -2*j - 3. Let h be (-20)/8*(-1 + -1). Suppose 0 = -h*u - 5*i, -21 = 2*u + 5*i - 6. Let w = u - 9. Determine p(w).
5
Let j(b) = 4*b**2 + 4*b**3 + 2 - 6*b**2 - 2*b**3 - b**2. Let o be j(2). Let h(d) = o + d + 1 - 3*d + d. Determine h(5).
2
Let d be ((-28)/8)/((-8 - -7)/2). Let n(p) = 3*p - 21. Give n(d).
0
Suppose -5*g + 19 = -t - t, t - 4*g = -17. Let z(n) = -2*n**2 + n + 4. Let o(b) = 2*b**2 - 5. Let m(y) = t*o(y) + 4*z(y). Calculate m(3).
-5
Let z(r) = -r**3 + 2*r**2 + 5*r - 2. Let q be z(4). Let i = -19 - q. Let x(k) = -k + 6 + k**2 - 5*k - 7*k**2 + 0*k**2 - k**3. What is x(i)?
11
Let c(a) be the first derivative of -a**7/840 - a**6/90 + a**5/20 - 10*a**3/3 - 19. Let n(x) be the third derivative of c(x). What is n(-5)?
-5
Let l(u) = 7*u - 3. Let a be (-3 + 8)/(-2 - -1 - 0). Give l(a).
-38
Let a be (10/3)/(38/57). Suppose l - 2 = 2*h, 5*l + a*h - h + 32 = 0. Let n(g) = -g**2 - 7*g + 1. What is n(l)?
13
Let f(k) = 2*k - 8. Let r be 442/51*(-6)/4. Let l be -1 - (38/(-1))/(-2). Let a = r - l. What is f(a)?
6
Let h(v) = -v - 2. Suppose -2*r + 21 = -3*x, 3*x - 7*x = r + 39. Let i(n) = 5*n + 8. Let u(p) = x*h(p) - 2*i(p). Determine u(-5).
7
Let b(z) = z - 8. Let g(a) be the third derivative of a**5/60 - a**4/6 - a**3 - a**2. Suppose 3*m - 6*x + 2*x - 34 = 0, -2*x = 8. Let p be g(m). What is b(p)?
-2
Suppose -417*q + 423*q + 12 = 0. Let x(u) = 8*u + 8. Determine x(q).
-8
Let o be 2/(-14) - 28/(-196). Let i(g) be the third derivative of 1/3*g**3 + 1/24*g**4 + o + 0*g + 3*g**2. What is i(-3)?
-1
Let v(t) = 15*t + 25. Suppose 0*n = n - 13. Let s(h) = 7*h + 12. Let i(x) = n*s(x) - 6*v(x). Let c(f) = f**2 - 7*f - 8. Let w be c(8). What is i(w)?
6
Let x = 3272 - 3272. Let f(d) be the third derivative of -d**5/60 - d**4/24 + d**3/2 - d**2. What is f(x)?
3
Suppose -h + 20 = 5*d + 3, -5*h - 2*d + 16 = 0. Let b(n) = 166*n - n**2 - 166*n + h. Calculate b(3).
-7
Let m(n) be the second derivative of -n**5/20 - n**3/6 + n**2 + 13*n + 27. Let s be ((-4)/10)/((-1)/5). What is m(s)?
-8
Let i(n) = -n**3 + n + 1. Let j(g) = g**2 - 2*g - 2. Let r(y) = -i(y